{"id":1188,"date":"2024-01-30T09:34:07","date_gmt":"2024-01-30T08:34:07","guid":{"rendered":"https:\/\/www.praxis-ripper.de\/?page_id=1188"},"modified":"2024-01-31T10:48:14","modified_gmt":"2024-01-31T09:48:14","slug":"grundsaetze-2","status":"publish","type":"page","link":"https:\/\/www.praxis-ripper.de\/?page_id=1188","title":{"rendered":"Grunds\u00e4tze"},"content":{"rendered":"\t\t<div data-elementor-type=\"wp-page\" data-elementor-id=\"1188\" class=\"elementor elementor-1188\" data-elementor-post-type=\"page\">\n\t\t\t\t<div class=\"elementor-element elementor-element-b9e7251 e-flex e-con-boxed e-con e-parent\" data-id=\"b9e7251\" data-element_type=\"container\" data-e-type=\"container\" data-settings=\"{&quot;background_background&quot;:&quot;classic&quot;}\">\n\t\t\t\t\t<div class=\"e-con-inner\">\n\t\t\t\t\t<\/div>\n\t\t\t\t<\/div>\n\t\t<div class=\"elementor-element elementor-element-d9cf49c e-flex e-con-boxed e-con e-parent\" data-id=\"d9cf49c\" data-element_type=\"container\" data-e-type=\"container\" data-settings=\"{&quot;background_background&quot;:&quot;classic&quot;}\">\n\t\t\t\t\t<div class=\"e-con-inner\">\n\t\t<div class=\"elementor-element elementor-element-9a0e8e2 e-flex e-con-boxed e-con e-child\" data-id=\"9a0e8e2\" data-element_type=\"container\" data-e-type=\"container\">\n\t\t\t\t\t<div class=\"e-con-inner\">\n\t\t<div class=\"elementor-element elementor-element-b48211b e-con-full e-flex e-con e-child\" data-id=\"b48211b\" data-element_type=\"container\" data-e-type=\"container\" data-settings=\"{&quot;background_background&quot;:&quot;classic&quot;}\">\n\t\t\t\t<div class=\"elementor-element elementor-element-80e4368 elementor-widget elementor-widget-heading\" data-id=\"80e4368\" data-element_type=\"widget\" data-e-type=\"widget\" data-widget_type=\"heading.default\">\n\t\t\t\t<div class=\"elementor-widget-container\">\n\t\t\t\t\t<h2 class=\"elementor-heading-title elementor-size-default\">Grunds\u00e4tze<\/h2>\t\t\t\t<\/div>\n\t\t\t\t<\/div>\n\t\t\t\t<\/div>\n\t\t<div class=\"elementor-element elementor-element-734b62c e-con-full e-flex e-con e-child\" data-id=\"734b62c\" data-element_type=\"container\" data-e-type=\"container\" data-settings=\"{&quot;background_background&quot;:&quot;classic&quot;}\">\n\t\t\t\t<div class=\"elementor-element elementor-element-644913c elementor-widget elementor-widget-text-editor\" data-id=\"644913c\" data-element_type=\"widget\" data-e-type=\"widget\" data-widget_type=\"text-editor.default\">\n\t\t\t\t<div class=\"elementor-widget-container\">\n\t\t\t\t\t\t\t\t\t<div class=\"text\"><p><strong>Humanismus<\/strong><br \/>Ich habe Achtung und Respekt vor meinen Klientinnen und Klienten, deren Anliegen sowie deren bisherigen L\u00f6sungsversuchen.<\/p><p><strong>L\u00f6sungsorientierung<\/strong><br \/>W\u00e4hrend wir es h\u00e4ufig gewohnt sind, problemorientiert zu denken, konzentriere ich mich auf L\u00f6sungen. Dabei muss nicht die erste L\u00f6sung die beste sein.<\/p><p><strong>Verl\u00e4sslichkeit<\/strong><br \/>Sie k\u00f6nnen auf mich z\u00e4hlen. Ich verstehe mich als Prozessbegleiterin und unterst\u00fctze Sie bis eine L\u00f6sung gefunden ist.<\/p><p><strong>Vereinfachung<\/strong><br \/>\u201eKeep it simple, wenn\u2019s kompliziert wird\u201c<\/p><p><strong>Therapieschulen verbindender Ansatz<\/strong><br \/>Meine therapeutische Vorgehensweise und meine Beratungst\u00e4tigkeit basieren auf mehreren Interventionsmethoden und Psychotherapieverfahren. Der jeweilige Behandlungsplan wird individuell auf jede Klientin und jeden Klienten und das jeweilige Anliegen zugeschnitten.<\/p><p><strong>Sicherheit<\/strong><br \/>Ich biete Ihnen einen gesch\u00fctzten Raum in einer vertrauensvollen Atmosph\u00e4re.<\/p><p><strong>Vertrauen<\/strong><br \/>Ich bin selbstverst\u00e4ndlich zur Diskretion und Schweigepflicht verpflichtet.<\/p><\/div>\t\t\t\t\t\t\t\t<\/div>\n\t\t\t\t<\/div>\n\t\t\t\t<\/div>\n\t\t\t\t\t<\/div>\n\t\t\t\t<\/div>\n\t\t\t\t\t<\/div>\n\t\t\t\t<\/div>\n\t\t\t\t<\/div>\n\t\t","protected":false},"excerpt":{"rendered":"<p>Grunds\u00e4tze HumanismusIch habe Achtung und Respekt vor meinen Klientinnen und Klienten, deren Anliegen sowie deren bisherigen L\u00f6sungsversuchen. L\u00f6sungsorientierungW\u00e4hrend wir es h\u00e4ufig gewohnt sind, problemorientiert zu denken, konzentriere ich mich auf L\u00f6sungen. Dabei muss nicht die erste L\u00f6sung die beste sein. Verl\u00e4sslichkeitSie k\u00f6nnen auf mich z\u00e4hlen. Ich verstehe mich als Prozessbegleiterin und unterst\u00fctze Sie bis eine [&hellip;]<\/p>\n","protected":false},"author":2,"featured_media":0,"parent":0,"menu_order":0,"comment_status":"closed","ping_status":"closed","template":"elementor_header_footer","meta":{"footnotes":""},"class_list":["post-1188","page","type-page","status-publish","hentry"],"_links":{"self":[{"href":"https:\/\/www.praxis-ripper.de\/index.php?rest_route=\/wp\/v2\/pages\/1188","targetHints":{"allow":["GET"]}}],"collection":[{"href":"https:\/\/www.praxis-ripper.de\/index.php?rest_route=\/wp\/v2\/pages"}],"about":[{"href":"https:\/\/www.praxis-ripper.de\/index.php?rest_route=\/wp\/v2\/types\/page"}],"author":[{"embeddable":true,"href":"https:\/\/www.praxis-ripper.de\/index.php?rest_route=\/wp\/v2\/users\/2"}],"replies":[{"embeddable":true,"href":"https:\/\/www.praxis-ripper.de\/index.php?rest_route=%2Fwp%2Fv2%2Fcomments&post=1188"}],"version-history":[{"count":10,"href":"https:\/\/www.praxis-ripper.de\/index.php?rest_route=\/wp\/v2\/pages\/1188\/revisions"}],"predecessor-version":[{"id":1292,"href":"https:\/\/www.praxis-ripper.de\/index.php?rest_route=\/wp\/v2\/pages\/1188\/revisions\/1292"}],"wp:attachment":[{"href":"https:\/\/www.praxis-ripper.de\/index.php?rest_route=%2Fwp%2Fv2%2Fmedia&parent=1188"}],"curies":[{"name":"wp","href":"https:\/\/api.w.org\/{rel}","templated":true}]}}